 be (24/9)/(6/45). Suppose -8 = -22*s + j*s. Suppose -m - 3*b = -s*b - 25, -3*m = 5*b - 59. List the prime factors of m.
23
Let d be 52/(-9) - 2/9. Let z = -18 - -21. What are the prime factors of z/d*-17*6?
3, 17
Let o(y) = -y**2 + 10*y - 4. Let u(z) = -9*z + 1. Let p be u(-3). Suppose -3*q - 4*a + 36 = 0, 5*q + 2*a - p = 18. List the prime factors of o(q).
2, 3
Let l = -165 + 168. Let s(w) = w + 1. Let b be s(1). List the prime factors of l/b + 196/8.
2, 13
Suppose 7629 - 55677 = -44*d. What are the prime factors of d?
2, 3, 7, 13
Suppose 0 = -6*y + 2364 + 2688. List the prime factors of y.
2, 421
Let i = 159 + -155. Let l(k) = 60*k + 51. List the prime factors of l(i).
3, 97
Let m(o) = -549*o - 1202. What are the prime factors of m(-9)?
3739
Let o(h) = h**2 - 11*h + 18. Let q be o(9). Let y be ((-3)/4)/(1/(-4)). Suppose 2*n - 3*k - 2 = 0, y*n = -q*n - 4*k + 37. What are the prime factors of n?
7
Suppose 5*q = 24 - 4. List the prime factors of (2/4)/(q + (-1755)/440).
2, 11
Let m be 3*(33/9 - -3). Suppose -3*i - m = 2*i. What are the prime factors of 376/10 + i/(-10)?
2, 19
Let s(p) = -206*p - 27. What are the prime factors of s(-4)?
797
Let b(n) = 6 - 9 + 0*n**3 + 6 + n**3 + 11*n + 16*n**2. What are the prime factors of b(-15)?
3, 7
Let v = 83 - 67. Let o be -2*((-105)/(-2))/(-3). Let s = o - v. List the prime factors of s.
19
Let i(k) = -k - 12. Let v be i(-12). Let g(l) = 2*l - 4. Let o be g(v). Let j = o - -23. List the prime factors of j.
19
Suppose -2*r = -4*m - 8 + 20, r + 9 = -m. Let n(c) = 911*c**2 + c. Let j be n(-1). What are the prime factors of j/40 + (-2)/r?
23
Let a = 9 - 1. Let v = 11 - a. Suppose 0*r + v*r = 69. What are the prime factors of r?
23
Let s(y) = -y**2 - 13*y - 28. Let v be s(-10). Let h(r) be the second derivative of 4*r**4/3 + 4*r. List the prime factors of h(v).
2
Suppose 8*x - 3*x - 70 = 0. Suppose 270 = x*k - 11*k. List the prime factors of k.
2, 3, 5
Let u be 1/(52/12 + -4). Let h be ((-177)/(-4))/u*4. Let q = h + -42. What are the prime factors of q?
17
Let p be 9/24*-2*-20. Let q = 29 - p. Suppose q = w - 0*w. List the prime factors of w.
2, 7
Let x(j) = 33*j**2 - 5*j + 88. List the prime factors of x(7).
2, 5, 167
Suppose -4*p + 4*b + 3056 = -4816, 5*b = -2*p + 3929. List the prime factors of p.
7, 281
Let v(j) = -4*j**3 + 2*j**2 + j + 1. Let q be v(-2). Let g = 68 - q. List the prime factors of g.
29
Let a(o) = 3*o + 24. Let t be a(12). Let y = t - -61. What are the prime factors of y?
11
Let l = 3987 - 1971. List the prime factors of l.
2, 3, 7
Let j be -4 + (-290)/(-75) + (-146)/30. List the prime factors of 2 + 146 + (0/j - -4).
2, 19
Suppose -r - c = -66 + 16, 0 = 3*c + 15. Suppose 3*v - 4*v + 103 = 2*x, x - r = -4*v. List the prime factors of x.
3, 17
Let m(z) = -28*z - 115. List the prime factors of m(-34).
3, 31
Suppose -11*n + 14*n - 2651 = -2*p, 0 = -3*n - 4*p + 2647. List the prime factors of n.
3, 5, 59
Suppose -2*s - 684 = -5*s. Suppose -29 = -h + s. What are the prime factors of h?
257
Suppose 41*i = 44*i - 15. Suppose -3*m + 234 = -3*x, -i*x - 2 = 13. List the prime factors of m.
3, 5
Suppose 0 = 4*x - 4*c - 23984, -3*x - 24*c = -21*c - 18006. What are the prime factors of x?
7, 857
Suppose 3*s = 8*s - 2*h - 25, 3*h = 0. Suppose 68 = s*t - 82. Suppose -3*j + 90 = -3*y, 3*j + 3*y - t = 60. What are the prime factors of j?
2, 3, 5
Suppose 0 = -8*s - 2 + 58. List the prime factors of s.
7
Suppose 0 = -5*s + s + 108. Suppose 96 = 3*x - 3*c - s, 5*c - 173 = -4*x. What are the prime factors of x?
2, 3, 7
Suppose 0 = 2*k + 6*k - 2496. What are the prime factors of ((-4)/12)/((-2)/k)?
2, 13
Let j = -16 + 18. Suppose v + 265 = 4*b, j*b + 6*v - 3*v = 143. List the prime factors of b.
67
Let n(m) = 7*m + 60. Let g be n(-9). What are the prime factors of (1 - -69) + (-3)/g?
71
Let a(i) = -2*i**3 - 7*i**2 - 4*i - 1. Suppose 5*o + 3*t - 28 = -0, -5*t = -o. Suppose y = 2*j + 2, 3*j - o = -2*j + 5*y. List the prime factors of a(j).
2
List the prime factors of 5 + (3/(-9))/((-1)/1359).
2, 229
Let y = 437 + -269. List the prime factors of y.
2, 3, 7
Suppose -11 = -4*k - 3. Suppose 0 = -2*t - k*t + 5*p + 615, -5*p + 160 = t. List the prime factors of t.
5, 31
Let z(o) = -o**3 + 6*o**2 + 5*o - 3. Let r be z(7). Let k = 8 - r. What are the prime factors of k?
5
Suppose 3*g = 5 + 16. Suppose 2*b - g*x + 3*x = 178, -b + 59 = 4*x. What are the prime factors of b?
79
Suppose -3*m = 3*v, 2*v - 4 = -4*m + 4. Suppose -4*s + 546 = -2*f, -m*s + 2*f + 547 = -f. List the prime factors of s.
2, 17
Let n(c) = -34*c + 103. Let f be n(3). Suppose q - 20 = 2. Let t = q + f. List the prime factors of t.
23
Let h = -40 - -26. Let x(y) = y**3 + 13*y**2 - 12*y - 20. Let w be x(h). Let l = -24 - w. List the prime factors of l.
2, 3
Let r(u) = u**3 + 7*u**2 + 9*u + 2. Let f be r(-6). List the prime factors of 79 + (f/12 - -1)*9.
2, 19
Let v = -42 + 44. Suppose 3*o - 122 = -2*a, 0*o - 2*o + 118 = v*a. What are the prime factors of a?
5, 11
Suppose 7*f - 906 = 4526. What are the prime factors of f?
2, 97
Suppose 4*s - 7*s + 4*f = -11796, s = 3*f + 3932. What are the prime factors of s?
2, 983
Suppose 17 = 2*i - 11. Let m = i - -38. List the prime factors of m.
2, 13
Suppose -715*l + 2574 = -709*l. What are the prime factors of l?
3, 11, 13
Let k(r) = -r**3 + r**2 + 5. Let f be k(0). Suppose 630 - 105 = f*s. What are the prime factors of s?
3, 5, 7
Let b(h) = 5*h**3 + 20*h**2 + 59*h + 15. Let z(x) = -2*x**3 - 10*x**2 - 29*x - 8. Let t(a) = -3*b(a) - 7*z(a). List the prime factors of t(12).
5, 7
Let a(j) = -149*j**3 + j**2 + 2*j + 1. Suppose 5*t - 3 = -8. List the prime factors of a(t).
149
Suppose 3*r - x = 7*r - 1, 4*x = -r + 4. Suppose -o + r*o = -29. What are the prime factors of o?
29
Let p(i) = -21*i + 5. Let d = 31 + -33. List the prime factors of p(d).
47
Suppose -12 = -5*m - p + 2, 3*m + 4*p - 5 = 0. Suppose -8*t + m*t = 5*i + 5, 3*i - t = -19. Let n = 3 - i. What are the prime factors of n?
2
Let n be 519/21 - (-4)/14. Let y be 16/104 - (-5482)/26. Suppose j = u - n, 70 = -5*u + j + y. List the prime factors of u.
29
Suppose 12*p = 6 + 930. List the prime factors of p.
2, 3, 13
Let v = 3731 + -565. List the prime factors of v.
2, 1583
Let b = 20 - 29. List the prime factors of -172*(b/4)/3.
3, 43
Let c = 51 - -135. List the prime factors of c.
2, 3, 31
Let c(l) = 8770*l - 4. Let k be c(1). List the prime factors of k/108 - 1/6.
3
Let n(u) = -5*u**2 - 14*u - 15. Let t(b) = 4*b**2 + 15*b + 13. Let y(v) = 5*n(v) + 6*t(v). What are the prime factors of y(14)?
3, 29
Suppose -j = 3*a - 7471, 2*a - 31*j + 28*j - 4977 = 0. What are the prime factors of a?
2, 3, 5, 83
Suppose 354*o = 365*o - 32637. List the prime factors of o.
3, 23, 43
Suppose 0 = -4*p - 5*d - 377 + 11334, -2*p + 5*d = -5441. List the prime factors of p.
3, 911
Suppose 3*y = -4*d + 3098, -4*y - 14 + 6 = 0. What are the prime factors of d?
2, 97
What are the prime factors of (36580/15)/(((-10)/3)/(-5))?
2, 31, 59
Suppose 2*k + 3*h - 44 = 0, 2*h - 5 = -k + 15. Suppose 0 = 3*s - k - 47. Suppose -3 = b + 2*i - s, 10 = 5*i. List the prime factors of b.
2, 3
What are the prime factors of 5*(984/20)/6?
41
Let v = -1158 + 1418. What are the prime factors of v?
2, 5, 13
Suppose -2*b + 5*g + 407 = 0, b - 46*g - 204 = -44*g. List the prime factors of b.
2, 103
Let d(l) = 382*l - 278. What are the prime factors of d(5)?
2, 3, 17
Let i(m) = -5*m - 21. Let s be i(-5). Suppose 4 = u, 3*q + 548 = 7*q - s*u. List the prime factors of q.
3, 47
Suppose -r - r = -4*z + 1294, 2*r + 968 = 3*z. What are the prime factors of z?
2, 163
Suppose -35 - 79 = 2*b. Let a = -50 - b. List the prime factors of a.
7
Suppose -5*a + 45 = -y, a - 39 = 5*y - 6. Suppose -a = -3*o - o. List the prime factors of (-204)/(-28) - o/7.
7
Suppose 5*g - 4*i - 1338 = -0*g, 3*g + 5*i = 825. List the prime factors of g.
2, 3, 5
Let o(x) = 4*x - 13. Let n be o(4). Suppose 270 = 6*c - n*c. Let h = c - 51. What are the prime factors of h?
3, 13
Let c(l) = 3*l**2 + 2*l + 6. Let y(a) = 5*a**2 + 4*a + 11. Let d(z) = 11*c(z) - 6*y(z). What are the prime factors of d(6)?
2, 3
Let k(n) = -4*n**2 + 3*n + 0*n**2 + 0*n**2 + 7*n**2 - 7. Suppose -4*q - 4*z = -3*z + 19, -15 = 5*z. List the prime factors of k(q).
29
Suppose 333